me factors of 2295183171?
3, 765061057
List the prime factors of 991246590.
2, 3, 5, 83, 132697
List the prime factors of 51749366.
2, 4759, 5437
List the prime factors of 165801065.
5, 33160213
List the prime factors of 169183166.
2, 37, 263, 8693
List the prime factors of 692280243.
3, 23, 73, 15271
List the prime factors of 26243663.
769, 34127
What are the prime factors of 90755646?
2, 3, 1187, 12743
What are the prime factors of 76289518?
2, 229, 166571
What are the prime factors of 8203198147?
23, 163, 233, 9391
List the prime factors of 602483028.
2, 3, 7, 41, 67, 373
What are the prime factors of 572485888?
2, 13, 172021
List the prime factors of 440977774.
2, 383, 575689
List the prime factors of 1564860946.
2, 11, 673, 105691
What are the prime factors of 1179490147?
11, 571, 187787
List the prime factors of 3352562922.
2, 3, 29, 47, 109, 3761
List the prime factors of 1231737468.
2, 3, 13, 73, 108161
What are the prime factors of 31463213?
31463213
List the prime factors of 481447913.
113, 4260601
List the prime factors of 486352336.
2, 4363, 6967
What are the prime factors of 3315259?
179, 18521
List the prime factors of 227624251.
41, 619, 8969
List the prime factors of 175244256.
2, 3, 11, 18439
List the prime factors of 1753847766.
2, 3, 11, 8857817
What are the prime factors of 166781732?
2, 13, 3207341
List the prime factors of 9032802875.
5, 617, 117119
List the prime factors of 510610407.
3, 197, 541, 1597
What are the prime factors of 128195350?
2, 5, 2563907
What are the prime factors of 1232416342?
2, 19, 101, 321109
List the prime factors of 221587363.
221587363
What are the prime factors of 212219462?
2, 7, 13, 1166041
List the prime factors of 1073041659.
3, 119226851
List the prime factors of 29646677.
331, 89567
What are the prime factors of 19756906?
2, 13, 759881
What are the prime factors of 45114821?
17, 2653813
What are the prime factors of 7938260?
2, 5, 11, 36083
List the prime factors of 1653261567.
3, 163, 223, 15161
What are the prime factors of 134591966?
2, 1597, 42139
What are the prime factors of 1522029541?
8521, 178621
List the prime factors of 29301943.
11, 2663813
List the prime factors of 2773583122.
2, 37, 293, 127921
List the prime factors of 40093727.
40093727
List the prime factors of 172305456.
2, 3, 109, 32933
What are the prime factors of 3681539?
53, 69463
What are the prime factors of 286026251?
7, 40860893
What are the prime factors of 1241987216?
2, 77624201
What are the prime factors of 536180601?
3, 11, 16247897
List the prime factors of 147820481.
211, 700571
What are the prime factors of 177877206?
2, 3, 13, 857, 887
List the prime factors of 423242850.
2, 3, 5, 223, 12653
List the prime factors of 1438626945.
3, 5, 7, 13701209
What are the prime factors of 2558006460?
2, 3, 5, 71, 137, 487
What are the prime factors of 3572137?
3572137
List the prime factors of 397431488.
2, 6209867
What are the prime factors of 61196374?
2, 151, 202637
List the prime factors of 49697554.
2, 61, 407357
List the prime factors of 7334347012.
2, 9533, 192341
List the prime factors of 34391148.
2, 3, 11, 260539
List the prime factors of 84076826.
2, 67, 149, 4211
List the prime factors of 1122834836.
2, 17, 977, 16901
What are the prime factors of 34733664?
2, 3, 7, 5743
List the prime factors of 235046819.
7, 857, 39181
List the prime factors of 1903746515.
5, 11, 19, 47, 83, 467
List the prime factors of 98217241.
59, 373, 4463
List the prime factors of 26563826.
2, 17, 29, 929
What are the prime factors of 20710463?
4133, 5011
What are the prime factors of 11427966?
2, 3, 11, 53
List the prime factors of 14022487.
14022487
What are the prime factors of 14879924?
2, 3719981
What are the prime factors of 1115760070?
2, 5, 89, 881, 1423
List the prime factors of 2052033052.
2, 513008263
What are the prime factors of 358217112?
2, 3, 11, 293, 421
What are the prime factors of 36343364?
2, 9085841
List the prime factors of 1393955911.
307, 4540573
What are the prime factors of 40091112?
2, 3, 41, 503
What are the prime factors of 1607577949?
1607577949
What are the prime factors of 4953520809?
3, 17, 107, 302579
What are the prime factors of 45191030?
2, 5, 4519103
List the prime factors of 2888654843.
101, 28600543
What are the prime factors of 1873237146?
2, 3, 11, 197, 144073
What are the prime factors of 18206443?
18206443
What are the prime factors of 42917027?
17, 2524531
What are the prime factors of 835291592?
2, 104411449
List the prime factors of 285798888.
2, 3, 1323143
What are the prime factors of 41639200?
2, 5, 23, 31, 73
What are the prime factors of 2982330375?
3, 5, 839, 9479
List the prime factors of 1441117089.
3, 219649
What are the prime factors of 3678516115?
5, 735703223
What are the prime factors of 3610355916?
2, 3, 557, 540149
List the prime factors of 1131696360.
2, 3, 5, 43, 8123
List the prime factors of 677425741.
17, 43, 401, 2311
What are the prime factors of 629961942?
2, 3, 104993657
List the prime factors of 817383566.
2, 1637, 249659
What are the prime factors of 834394480?
2, 5, 2099, 4969
List the prime factors of 92613179.
1163, 79633
What are the prime factors of 71727949?
127, 191, 2957
List the prime factors of 983791283.
983791283
List the prime factors of 713048064.
2, 3, 89, 163
List the prime factors of 224937865.
5, 19, 2367767
List the prime factors of 582982618.
2, 291491309
What are the prime factors of 70467887?
7, 10066841
What are the prime factors of 43944059?
43944059
What are the prime factors of 8833824?
2, 3, 37, 829
List the prime factors of 218446680.
2, 3, 5, 1820389
What are the prime factors of 82619546?
2, 41309773
List the prime factors of 119360486.
2, 7, 8525749
What are the prime factors of 197388464?
2, 7, 13, 107, 181
List the prime factors of 188033085.
3, 5, 4178513
What are the prime factors of 818700281?
7, 16708169
What are the prime factors of 122556430?
2, 5, 101, 121343
What are the prime factors of 244332988?
2, 1489, 41023
List the prime factors of 208739627.
208739627
List the prime factors of 1672043789.
13, 17, 101, 173, 433
List the prime factors of 11726553.
3, 19, 419, 491
What are the prime factors of 3469865273?
7, 73, 563, 1723
What are the prime factors of 18576617?
23, 29, 27851
What are the prime factors of 459893141?
59, 7794799
What are the prime factors of 3151515173?
29, 108672937
List the prime factors of 3026090.
2, 5, 302609
What are the prime factors of 22488909?
3, 17, 440959
List the prime factors of 314471653.
61, 1381, 3733
List the prime factors of 6682896.
2, 3, 11, 4219
List the prime factors of 2435769768.
2, 3, 101490407
List the prime factors of 546003678.
2, 3, 11, 191, 43313
What are the prime factors of 37564457?
7, 373, 14387
What are the prime factors of 6216282786?
2, 3, 7, 89, 237571
What are the prime factors of 159744423?
3, 53248141
List the prime factors of 779214802.
2, 389607401
List the prime factors of 284774700.
2, 3, 5, 7, 135607
List the prime factors of 1417758522.
2, 3, 4003, 59029
List the prime factors of 70802230.
2, 5, 263, 26921
What are the prime factors of 2384412364?
2, 29, 1187, 17317
List the prime factors of 46899186.
2, 3, 7816531
List the prime factors of 6116531765.
5, 1223306353
What are the prime factors of 2783169590?
2, 5, 19, 97, 151013
List the prime factors of 75564513.
3, 8396057
What are the prime factors of 57851538?
2, 3, 137, 70379
List the prime factors of 8483826.
2, 3, 13, 23, 4729
List the prime factors of 484562770.
2, 5, 109, 444553
List the prime factors of 14085163.
17, 397, 2087
What are the prime factors of 2130771065?
5, 426154213
List the prime factors of 42482277.
3, 73, 64661
What are the prime factors of 383510178?
2, 3, 109, 195469
What are the prime factors of 843988334?
2, 7, 29, 2078789
List the prime factors of 164351403.
3, 59, 103171
What are the prime factors of 46326703?
863, 53681
List the prime factors of 4068780548.
2, 7, 149, 975259
List the prime factors of 490856738.
2, 131, 1873499
What are the prime factors of 19758768?
2, 3, 411641
What are the prime factors of 66851811?
3, 13, 63487
What are the prime factors of 114128949?
3, 11, 29, 31, 3847
What are the prime factors of 3099543074?
2, 19, 137, 595379
What are t